11 - (276 + -282 - ((1 - -1) + -6))?
-9
Evaluate -58 + -74 + 86 + -12.
-58
Calculate -44 - (6 - (-17 - (-55 + 20))).
-32
What is the value of -2602 + 2607 + (36 - (-4 + 7))?
38
36 + 55 - (135 + -23)
-21
Calculate -68 + 44 + -32 + 24.
-32
What is -5 + (23 - (24 + -16 - -5)) + -1?
4
(0 - 31 - -24) + -84 + 25
-66
Evaluate -39 + (46 + -90 - -116).
33
What is the value of -6010 + 5921 + -19 + -2?
-110
Calculate (15 + 14 - 32) + -9.
-12
What is 1 - (1 - -48) - (-42 + 57 + -51 - -36)?
-48
-42 - (-106 + (-7 - -31))
40
Calculate -10 + (11 - (1 - -6 - 0)).
-6
What is 1 + (-16 - -37) - (12 - 7 - 12)?
29
Calculate 13 - (-1213 - -1209 - (41 + -1)).
57
Calculate 83 + -31 + 88 - 256.
-116
Calculate -36 + 2 + (40 - 20) + -22.
-36
Calculate -2 + -2 + 4 - 13 - (-277 + 272).
-8
Calculate (8 - 0) + -27 + (-13 - -13) + 14 + 39.
34
What is -23 + (-19 - -5) + 71 - -5?
39
-39 + (-1 - (0 + -18 + 2 - 1))
-23
Calculate -14 - (-3 + (1 - (5 - (4 - (5 + -4))))).
-10
What is the value of 1 + 40 - (7301 + -7259)?
-1
Calculate 69 + -83 + (23 - 93).
-84
Calculate 1236 + -1290 + 105 + -2.
49
59 - (-64 + (-86 - -124))
85
What is -1644 - -1684 - ((-1 - 1 - 0) + 16)?
26
What is the value of (-70 + 6 + -23 - 27) + 28?
-86
(-2 - 2) + (-44 - 1 - 1) + 237 + -239
-52
What is (-1 - (-55 - -2) - (28 + 0 - 23)) + -3?
44
What is 44 - (71 - (-31 - -80))?
22
Evaluate 11 - -13 - (70 + -49).
3
Calculate (14 - 4) + 0 - (76 + 4 + 7).
-77
Evaluate 33 - (0 + (-7 + 1 - 0)) - (6 + -14).
47
What is the value of -2 + 14 - 14 - (-20 - -14)?
4
What is 0 + -40 + 2 + 51 + -55 + 12?
-30
-173 + 160 - (17 + 6) - -73
37
Calculate -9 + 5 + 2 + 97 - (47 + (3 - 39)).
84
-5 + 50 + (-57 - -29)
17
Calculate (68 - 48) + (-5 - (56 - 28)).
-13
Calculate 22 + (-22 - (-24 - -6)) + -9.
9
Evaluate 1799 + -1791 + -1 + 11 - (-91 + 4).
105
What is the value of (-8 + 6 + -6 - (53 + -4 + 2)) + 4?
-55
What is the value of 5 - 50 - (16 + -23 + (19 - 8))?
-49
What is -8 + 20 + 4 - 0 - 31 - 72?
-87
What is the value of (-14 + 4 + -7 - -33) + 39?
55
Calculate -1287 - -1300 - (13 + 1).
-1
Evaluate -20 - ((44 - 26) + -52).
14
Evaluate -10 - (-28 + (-23 - -43) + (1 - -99) - -3).
-105
1 + (-33 - -16) + 14
-2
Calculate (10 - (-7 - -17) - 33) + 19 + 20.
6
(25 - (-5 + -20 - -36)) + 61 + -3
72
-34 + (-25 - (-49 - -3))
-13
-3 - (-32 + -66 + 109)
-14
Evaluate (62 - 2) + (-1358 - -1290).
-8
Evaluate 12 - (1 - (21 + -49)).
-17
Evaluate -75 + 62 + -38 - (-8 - 4).
-39
What is -45 + (97 - 54) + -9 + -1?
-12
What is (8 - 1) + -23 + 10 + 26 + 7 - 10?
17
What is (1 - -10) + (-12 - -28 - (96 + -51))?
-18
What is (1764 - 1942) + (2 - -131)?
-45
Evaluate 1 - (-4 + (-10 - (-13 - -22 - (14 + -3)))).
13
-18 + (13 - (12 + (-13 + 11 - 1)))
-14
Calculate 29 - ((-52 - (-26 + -1)) + 51).
3
What is -10 - (2 + 3 + -6) - (2 + -32 + -49)?
70
What is -4 - ((109 - 101) + (6 - (-1 + 2 - -2)))?
-15
(9 - (2 - (9 + 3))) + -12 - (36 - 0)
-29
Evaluate -68 - ((22 - (-7 - (-21 - (10 + -18)))) + -6).
-78
Evaluate -18 - (-40 + 37 + 2 + (-6 - -12 - -4)).
-27
What is the value of -1 + (23 - (-8 + 18)) - (-121 + 107)?
26
Calculate 28 - (0 + -5 + (-1 + -8 - 6) + 11).
37
What is the value of 14 + -3 + -341 + 309 + 0?
-21
Evaluate -14 - -1 - (-72 + 16 + -15 + 15).
43
(103 - 8) + -109 + 37
23
What is the value of 78 + -75 + -70 - (12 - 1)?
-78
Calculate (-27 - (-19 - (2 + 4))) + -51.
-53
Calculate (-29 - -1) + 0 + 1194 + -1159 - (-9 + -1).
17
What is 12 + 0 - (23 - (27 + -22 + 6) - -63)?
-63
What is (13 - 0) + (-284 - -304 - (107 - 0))?
-74
Calculate 5 - (-18 + 14) - -10 - (-4 + -16).
39
Calculate -18 - (-24 - 2 - ((2 - -22) + -44)).
-12
Calculate ((2 - 7) + 5 - -11) + (16 - -3).
30
What is (-33 - -5) + (143 - 146)?
-31
Evaluate 941 + -966 + (-1 - -6).
-20
What is (-72 - (47 - 88)) + -11?
-42
(15 - (17 + -1) - 5) + 52
46
Calculate -10 + (20 - 8) - (-17 - -17 - -6) - -101.
97
Calculate 107 + -29 - 101 - (3 - 26).
0
Calculate 22 + 19 + (11 - 1) + -81.
-30
What is the value of 351 - 331 - (-96 - -21)?
95
(-24 - (25 - -4)) + (-16 - -3)
-66
Calculate -6 - (-26 + 7 + 16 + -4) - (1 - -30).
-30
Evaluate 57 - 3 - ((2 - 6) + (-30 - -25)).
63
Calculate -1 + 7 + 47 + (-2 - 38) - 89.
-76
4 + -27 + 8 - (18 + -5 - 97)
69
Calculate (-18 - (-12 - (-3 - 7)) - -65) + 16.
65
What is the value of -124 - (5 - (34 + 42))?
-53
Evaluate 41 - (3 + (5 - (6 - 18))).
21
What is (1 + -1 - 57) + (-5688 - -5679)?
-66
Calculate -43 - (-9 - (-10 + 6 + -2)).
-40
Evaluate (8 - 21 - (-17 - -8)) + -51 + -3 + 7.
-51
-47 - 0 - (-4 - (18 - -153))
128
Evaluate (-56 - ((5 + -2 - 15) + (328 - 326))) + 12.
-34
Evaluate 5 + (46 - (27 - 1)) + 1 + 3 + -5.
24
Evaluate -1 - (-12 + 27 + (-48 - -19)).
13
Evaluate (0 - -4) + (99 - 141) + 11 + -2.
-29
What is the value of 37 - (35 - -2) - (11 + 1 - -100)?
-112
What is the value of (27 + 6 - (-6 - -1)) + 29?
67
Calculate 87 + -103 - (61 - -27).
-104
What is the value of ((3 - -3) + 1 - 4) + 100 + -104?
-1
Calculate -52 + -2 - (26 + 50 - 45).
-85
What is -9 - ((1 + -17 - 16) + 57)?
-34
(34 - (2 + 62)) + (9 - -7)
-14
What is the value of (-1 - 10) + (23 - 12 - (11 + -1)) + -52?
-62
Calculate -45 + 80 + 20 - 76.
-21
Evaluate 55 + -5 - (-2 + 1) - (-6388 + 6390).
49
(-13 - -18 - 57 - 0) + 19
-33
Calculate (28 + (22 - 48 - 5) - (-13 - 1)) + -38.
-27
What is the value of (-23 - (-27 - -14)) + (-3 - 40) + (1 - 3)?
-55
-2 + -151 - (-1608 - -1516)
-61
What is the value of -7 - (53 + 13 + -25)?
-48
What is (-7 - -21) + 5 + -4 + -16 - -21?
20
104 + -113 - ((-28 - 2) + -9)
30
What is the value of (-17 - (-19 - (10 + 30)) - 10) + (8 - 0)?
40
(-46 - (-12 - 2)) + (-11 - 0) + 10
-33
What is the value of (-217 - -98) + 114 - 18?
-23
Evaluate -23 + -6 - (-40 + 14).
-3
What is the value of -10 + (56 - 1) + (2 + 1 - (-5 + 2))?
51
Evaluate -3 - (-2 + -4 + 13 + -2 + -83 + 3).
72
What is -57 - -19 - 43 - -87?
6
What is the value of 43 + (54 - (-119 + 90))?
126
Calculate (-45 - -2) + 4 + 50 + (-2 - -2) + 84.
95
-8 - ((0 - -2) + 5 + (8 - 5) + -79)
61
What is 5 + 1 + -29 - 1 - 15?
-39
Evaluate (3 + -1 - -6) + -101 + 77 + 39.
23
Calculate (6 - (16 - -7) - -28) + -4 - 12.
-5
Evaluate -10 + -66 + 15 + (-11 - (-25 - (-20 - -9))).
-58
Calculate (-3 - 1) + -405 + 327 - -17.
-65
What is 72 + -8 + 43 + -40?
67
Evaluate 203208 + -203252 - (-1 - (84 + -1)).
40
Evaluate 19 + 18 + -155 + 180.
62
Calculate 13 + -27 - (6 - (15 - -37)).
32
129 + -98 + (-70 - -6)
-33
(-8 + 2 - 36) + (-21 + 9 - (-1 - 4))
-49
What is -56 + (21 - 44) + 32 + 30?
-17
What is (0 - -56) + (5 - 4) + (266 - 148 - 111)?
64
-12 - ((2 - -10) + -6 - -21)
-39
Evaluate (-30 - -43 - (1 + (28 - 3))) + -2 + -50.
-65
What is -38 - 1 - (158 - 142 - (1 - -17))?
-37
What is 23 + 1 + (-38 - (-31 + 11))?
6
What is the value of 43 + -1 + (139 - 18 - 91)?
72
Evaluate -11 + 12 - 16 - (-1 + 18).
-32
Evaluate -14 - 4 - -37 - 99 - -12.
-68
18902 - 19015 - (-42 + 1)
-72
59 + 11 + -88 - -61
43
5 + (-22 - -17 - 10) + -12 - 5
-27
Calculate -70 + 69 - (4 + (-7 - -13)).
-11
(-121 - -34) + 64 - 67
-90
What is the value of 10 + -3 - (12 - -9 - 13 - 39)?
38
Calculate -26 + (-1 - (-56 - -24)) - (2 - 10).
13
Evaluate 69 + (3 - (1 + -9) - 17) + 11.
74
(-22 + 56 - -14) + -12
36
7 + (-77 - -33) + -13
-50
What is the value of -25 - -54 - (-9 - (-19 - -36))?
55
What is the value of 9 - -57 - 80 - -31?
17
-53 + -138 + 144 + 0 + (1 - 2)
-48
What is -14 - (11 - ((263 - 278) + (80 - -1)))?
41
Evaluate 26 + (-47 + 58 - (-3 + 3 + -2 - -7)).
32
Calculate -4 + 9 - (-2 - 2) - (41 - 63 - -95).
-64
Calculate -64 - (-91 + 64 + -51).
14
What is the value of 50 + 84 - 239 - -149?
44
What is 36 + -22 - (6 + 48 + (-11 - -8))?
-37
What is 1 + -2 - (-4 - -7) - ((41 - 94) + 47)?
2
What is the value of -84 - -8 - (-8 - 11)?
-57
What is 5 - (77 - 59) - -18?
5
Evaluate (-4 - 121) + 41 - -89.
5
What is 9 - (-46 + 41 - 46 - ((-5 - 2) + -2))?
51
What is the value of -26 - (-24 + -26) - -11?
35
18 - ((93 - -23) + -16)
-82
What is (-14 + -2 - (-406 + 442)) + 9?
-43
What is the value of 4 + (-3 - 3) - 11 - (6 - 29) - 88?
-78
What is (-197 - (-182 + -51)) + (1 - 73)?
-36
What is -17 + (-140 - (-89 - 5))?
-63
What is the value of 18 + 14 + -88 + 51?
-5
What is (-7 - (28 - 95)) + -107?
-47
92 + (83 - 48 - 200)
-73
What is the value of ((7 - (66 - -6)) + (1 - 8) - -3) + 0?
-69
Evaluate (5 - 3 - -22) + (87 - 140).
-29